[INFO] cloning repository https://github.com/termhn/rayn_staging
[INFO] running `Command { std: "git" "-c" "credential.helper=" "-c" "credential.helper=/workspace/cargo-home/bin/git-credential-null" "clone" "--bare" "https://github.com/termhn/rayn_staging" "/workspace/cache/git-repos/https%3A%2F%2Fgithub.com%2Ftermhn%2Frayn_staging", kill_on_drop: false }`
[INFO] [stderr] Cloning into bare repository '/workspace/cache/git-repos/https%3A%2F%2Fgithub.com%2Ftermhn%2Frayn_staging'...
[INFO] running `Command { std: "git" "rev-parse" "HEAD", kill_on_drop: false }`
[INFO] [stdout] be70f802865b7886efb295a60df435c2356263b4
[INFO] checking termhn/rayn_staging against master#cfbc6d4cf1acbac5c025acf8ed68929caa551df3 for pr-75494-beta
[INFO] running `Command { std: "git" "clone" "/workspace/cache/git-repos/https%3A%2F%2Fgithub.com%2Ftermhn%2Frayn_staging" "/workspace/builds/worker-1/source", kill_on_drop: false }`
[INFO] [stderr] Cloning into '/workspace/builds/worker-1/source'...
[INFO] [stderr] done.
[INFO] validating manifest of git repo https://github.com/termhn/rayn_staging on toolchain cfbc6d4cf1acbac5c025acf8ed68929caa551df3
[INFO] running `Command { std: "/workspace/cargo-home/bin/cargo" "+cfbc6d4cf1acbac5c025acf8ed68929caa551df3" "read-manifest" "--manifest-path" "Cargo.toml", kill_on_drop: false }`
[INFO] started tweaking git repo https://github.com/termhn/rayn_staging
[INFO] finished tweaking git repo https://github.com/termhn/rayn_staging
[INFO] tweaked toml for git repo https://github.com/termhn/rayn_staging written to /workspace/builds/worker-1/source/Cargo.toml
[INFO] crate git repo https://github.com/termhn/rayn_staging already has a lockfile, it will not be regenerated
[INFO] running `Command { std: "/workspace/cargo-home/bin/cargo" "+cfbc6d4cf1acbac5c025acf8ed68929caa551df3" "fetch" "--locked" "--manifest-path" "Cargo.toml", kill_on_drop: false }`
[INFO] [stderr]  Downloading crates ...
[INFO] [stderr]   Downloaded fern v0.5.6
[INFO] [stderr]   Downloaded serde_derive v1.0.76
[INFO] [stderr]   Downloaded serde v1.0.76
[INFO] running `Command { std: "docker" "create" "-v" "/var/lib/crater-agent-workspace/builds/worker-1/target:/opt/rustwide/target:rw,Z" "-v" "/var/lib/crater-agent-workspace/builds/worker-1/source:/opt/rustwide/workdir:ro,Z" "-v" "/var/lib/crater-agent-workspace/cargo-home:/opt/rustwide/cargo-home:ro,Z" "-v" "/var/lib/crater-agent-workspace/rustup-home:/opt/rustwide/rustup-home:ro,Z" "-e" "SOURCE_DIR=/opt/rustwide/workdir" "-e" "CARGO_TARGET_DIR=/opt/rustwide/target" "-e" "CARGO_HOME=/opt/rustwide/cargo-home" "-e" "RUSTUP_HOME=/opt/rustwide/rustup-home" "-w" "/opt/rustwide/workdir" "-m" "1610612736" "--user" "0:0" "--network" "none" "rustops/crates-build-env@sha256:a636fd89d022f18117e1dc8fb37a0a009933cdbbe082814857f0e2024962d47c" "/opt/rustwide/cargo-home/bin/cargo" "+cfbc6d4cf1acbac5c025acf8ed68929caa551df3" "metadata" "--no-deps" "--format-version=1", kill_on_drop: false }`
[INFO] [stdout] 7359054d56879f9905f436e5f76c15da525ba37d6194925b293f229f7b695e29
[INFO] [stderr] WARNING: Your kernel does not support swap limit capabilities or the cgroup is not mounted. Memory limited without swap.
[INFO] running `Command { std: "docker" "start" "-a" "7359054d56879f9905f436e5f76c15da525ba37d6194925b293f229f7b695e29", kill_on_drop: false }`
[INFO] running `Command { std: "docker" "inspect" "7359054d56879f9905f436e5f76c15da525ba37d6194925b293f229f7b695e29", kill_on_drop: false }`
[INFO] running `Command { std: "docker" "rm" "-f" "7359054d56879f9905f436e5f76c15da525ba37d6194925b293f229f7b695e29", kill_on_drop: false }`
[INFO] [stdout] 7359054d56879f9905f436e5f76c15da525ba37d6194925b293f229f7b695e29
[INFO] running `Command { std: "docker" "create" "-v" "/var/lib/crater-agent-workspace/builds/worker-1/target:/opt/rustwide/target:rw,Z" "-v" "/var/lib/crater-agent-workspace/builds/worker-1/source:/opt/rustwide/workdir:ro,Z" "-v" "/var/lib/crater-agent-workspace/cargo-home:/opt/rustwide/cargo-home:ro,Z" "-v" "/var/lib/crater-agent-workspace/rustup-home:/opt/rustwide/rustup-home:ro,Z" "-e" "SOURCE_DIR=/opt/rustwide/workdir" "-e" "CARGO_TARGET_DIR=/opt/rustwide/target" "-e" "CARGO_INCREMENTAL=0" "-e" "RUST_BACKTRACE=full" "-e" "RUSTFLAGS=--cap-lints=forbid" "-e" "CARGO_HOME=/opt/rustwide/cargo-home" "-e" "RUSTUP_HOME=/opt/rustwide/rustup-home" "-w" "/opt/rustwide/workdir" "-m" "1610612736" "--user" "0:0" "--network" "none" "rustops/crates-build-env@sha256:a636fd89d022f18117e1dc8fb37a0a009933cdbbe082814857f0e2024962d47c" "/opt/rustwide/cargo-home/bin/cargo" "+cfbc6d4cf1acbac5c025acf8ed68929caa551df3" "check" "--frozen" "--all" "--all-targets" "--message-format=json", kill_on_drop: false }`
[INFO] [stdout] ebab1834224fcd8f54c7584ee1b92b1e58582c8df832dcfb3f9122290f4fa573
[INFO] [stderr] WARNING: Your kernel does not support swap limit capabilities or the cgroup is not mounted. Memory limited without swap.
[INFO] running `Command { std: "docker" "start" "-a" "ebab1834224fcd8f54c7584ee1b92b1e58582c8df832dcfb3f9122290f4fa573", kill_on_drop: false }`
[INFO] [stderr]     Blocking waiting for file lock on package cache
[INFO] [stderr]     Blocking waiting for file lock on package cache
[INFO] [stderr]     Checking cfg-if v0.1.5
[INFO] [stderr]    Compiling version_check v0.1.4
[INFO] [stderr]    Compiling proc-macro2 v0.4.17
[INFO] [stderr]     Checking nodrop v0.1.12
[INFO] [stderr]    Compiling rayon-core v1.4.1
[INFO] [stderr]    Compiling unicode-xid v0.1.0
[INFO] [stderr]    Compiling semver-parser v0.7.0
[INFO] [stderr]    Compiling serde v1.0.76
[INFO] [stderr]     Checking rand_core v0.2.1
[INFO] [stderr]     Checking static_assertions v0.2.5
[INFO] [stderr]     Checking typed-arena v1.4.1
[INFO] [stderr]    Compiling num-traits v0.2.5
[INFO] [stderr]     Checking atty v0.2.11
[INFO] [stderr]     Checking deflate v0.7.18
[INFO] [stderr]     Checking inflate v0.4.3
[INFO] [stderr]     Checking textwrap v0.10.0
[INFO] [stderr]     Checking gif v0.10.0
[INFO] [stderr]     Checking crossbeam-utils v0.2.2
[INFO] [stderr]     Checking log v0.4.5
[INFO] [stderr]     Checking arrayvec v0.4.7
[INFO] [stderr]     Checking clap v2.32.0
[INFO] [stderr]    Compiling rayon v1.0.2
[INFO] [stderr]     Checking rand v0.5.5
[INFO] [stderr]    Compiling semver v0.9.0
[INFO] [stderr]     Checking fern v0.5.6
[INFO] [stderr]    Compiling lazy_static v1.1.0
[INFO] [stderr]    Compiling rustc_version v0.2.3
[INFO] [stderr]     Checking crossbeam-epoch v0.3.1
[INFO] [stderr]    Compiling vek v0.9.4
[INFO] [stderr]    Compiling quote v0.6.8
[INFO] [stderr]     Checking crossbeam-deque v0.2.0
[INFO] [stderr]    Compiling syn v0.14.9
[INFO] [stderr]     Checking num-integer v0.1.39
[INFO] [stderr]     Checking num-traits v0.1.43
[INFO] [stderr]     Checking num-iter v0.1.37
[INFO] [stderr]     Checking num-rational v0.1.42
[INFO] [stderr]     Checking chrono v0.4.6
[INFO] [stderr]     Checking png v0.12.0
[INFO] [stderr]     Checking jpeg-decoder v0.1.15
[INFO] [stderr]    Compiling num-derive v0.2.2
[INFO] [stderr]    Compiling serde_derive v1.0.76
[INFO] [stdout] error[E0502]: cannot borrow `rows` as immutable because it is also borrowed as mutable
[INFO] [stdout]     --> /opt/rustwide/cargo-home/registry/src/github.com-1ecc6299db9ec823/vek-0.9.4/src/mat.rs:1653:31
[INFO] [stdout]      |
[INFO] [stdout] 1653 |                 rows[3][0] += rows[0].dot(t);
[INFO] [stdout]      |                 --------------^^^^----------
[INFO] [stdout]      |                 |             |
[INFO] [stdout]      |                 |             immutable borrow occurs here
[INFO] [stdout]      |                 mutable borrow occurs here
[INFO] [stdout]      |                 mutable borrow later used here
[INFO] [stdout] ...
[INFO] [stdout] 3606 |     mat_declare_modules!{}
[INFO] [stdout]      |     ---------------------- in this macro invocation
[INFO] [stdout]      |
[INFO] [stdout]      = note: this error originates in a macro (in Nightly builds, run with -Z macro-backtrace for more info)
[INFO] [stdout] 
[INFO] [stdout] 
[INFO] [stdout] error[E0502]: cannot borrow `rows` as immutable because it is also borrowed as mutable
[INFO] [stdout]     --> /opt/rustwide/cargo-home/registry/src/github.com-1ecc6299db9ec823/vek-0.9.4/src/mat.rs:1654:31
[INFO] [stdout]      |
[INFO] [stdout] 1654 |                 rows[3][1] += rows[1].dot(t);
[INFO] [stdout]      |                 --------------^^^^----------
[INFO] [stdout]      |                 |             |
[INFO] [stdout]      |                 |             immutable borrow occurs here
[INFO] [stdout]      |                 mutable borrow occurs here
[INFO] [stdout]      |                 mutable borrow later used here
[INFO] [stdout] ...
[INFO] [stdout] 3606 |     mat_declare_modules!{}
[INFO] [stdout]      |     ---------------------- in this macro invocation
[INFO] [stdout]      |
[INFO] [stdout]      = note: this error originates in a macro (in Nightly builds, run with -Z macro-backtrace for more info)
[INFO] [stdout] 
[INFO] [stdout] 
[INFO] [stdout] error[E0502]: cannot borrow `rows` as immutable because it is also borrowed as mutable
[INFO] [stdout]     --> /opt/rustwide/cargo-home/registry/src/github.com-1ecc6299db9ec823/vek-0.9.4/src/mat.rs:1655:31
[INFO] [stdout]      |
[INFO] [stdout] 1655 |                 rows[3][2] += rows[2].dot(t);
[INFO] [stdout]      |                 --------------^^^^----------
[INFO] [stdout]      |                 |             |
[INFO] [stdout]      |                 |             immutable borrow occurs here
[INFO] [stdout]      |                 mutable borrow occurs here
[INFO] [stdout]      |                 mutable borrow later used here
[INFO] [stdout] ...
[INFO] [stdout] 3606 |     mat_declare_modules!{}
[INFO] [stdout]      |     ---------------------- in this macro invocation
[INFO] [stdout]      |
[INFO] [stdout]      = note: this error originates in a macro (in Nightly builds, run with -Z macro-backtrace for more info)
[INFO] [stdout] 
[INFO] [stdout] 
[INFO] [stdout] error[E0502]: cannot borrow `rows` as immutable because it is also borrowed as mutable
[INFO] [stdout]     --> /opt/rustwide/cargo-home/registry/src/github.com-1ecc6299db9ec823/vek-0.9.4/src/mat.rs:1656:31
[INFO] [stdout]      |
[INFO] [stdout] 1656 |                 rows[3][3] += rows[3].dot(t);
[INFO] [stdout]      |                 --------------^^^^----------
[INFO] [stdout]      |                 |             |
[INFO] [stdout]      |                 |             immutable borrow occurs here
[INFO] [stdout]      |                 mutable borrow occurs here
[INFO] [stdout]      |                 mutable borrow later used here
[INFO] [stdout] ...
[INFO] [stdout] 3606 |     mat_declare_modules!{}
[INFO] [stdout]      |     ---------------------- in this macro invocation
[INFO] [stdout]      |
[INFO] [stdout]      = note: this error originates in a macro (in Nightly builds, run with -Z macro-backtrace for more info)
[INFO] [stdout] 
[INFO] [stdout] 
[INFO] [stdout] error[E0502]: cannot borrow `rows` as immutable because it is also borrowed as mutable
[INFO] [stdout]     --> /opt/rustwide/cargo-home/registry/src/github.com-1ecc6299db9ec823/vek-0.9.4/src/mat.rs:1653:31
[INFO] [stdout]      |
[INFO] [stdout] 1653 |                 rows[3][0] += rows[0].dot(t);
[INFO] [stdout]      |                 --------------^^^^----------
[INFO] [stdout]      |                 |             |
[INFO] [stdout]      |                 |             immutable borrow occurs here
[INFO] [stdout]      |                 mutable borrow occurs here
[INFO] [stdout]      |                 mutable borrow later used here
[INFO] [stdout] ...
[INFO] [stdout] 3606 |     mat_declare_modules!{}
[INFO] [stdout]      |     ---------------------- in this macro invocation
[INFO] [stdout]      |
[INFO] [stdout]      = note: this error originates in a macro (in Nightly builds, run with -Z macro-backtrace for more info)
[INFO] [stdout] 
[INFO] [stdout] 
[INFO] [stdout] error[E0502]: cannot borrow `rows` as immutable because it is also borrowed as mutable
[INFO] [stdout]     --> /opt/rustwide/cargo-home/registry/src/github.com-1ecc6299db9ec823/vek-0.9.4/src/mat.rs:1654:31
[INFO] [stdout]      |
[INFO] [stdout] 1654 |                 rows[3][1] += rows[1].dot(t);
[INFO] [stdout]      |                 --------------^^^^----------
[INFO] [stdout]      |                 |             |
[INFO] [stdout]      |                 |             immutable borrow occurs here
[INFO] [stdout]      |                 mutable borrow occurs here
[INFO] [stdout]      |                 mutable borrow later used here
[INFO] [stdout] ...
[INFO] [stdout] 3606 |     mat_declare_modules!{}
[INFO] [stdout]      |     ---------------------- in this macro invocation
[INFO] [stdout]      |
[INFO] [stdout]      = note: this error originates in a macro (in Nightly builds, run with -Z macro-backtrace for more info)
[INFO] [stdout] 
[INFO] [stdout] 
[INFO] [stdout] error[E0502]: cannot borrow `rows` as immutable because it is also borrowed as mutable
[INFO] [stdout]     --> /opt/rustwide/cargo-home/registry/src/github.com-1ecc6299db9ec823/vek-0.9.4/src/mat.rs:1655:31
[INFO] [stdout]      |
[INFO] [stdout] 1655 |                 rows[3][2] += rows[2].dot(t);
[INFO] [stdout]      |                 --------------^^^^----------
[INFO] [stdout]      |                 |             |
[INFO] [stdout]      |                 |             immutable borrow occurs here
[INFO] [stdout]      |                 mutable borrow occurs here
[INFO] [stdout]      |                 mutable borrow later used here
[INFO] [stdout] ...
[INFO] [stdout] 3606 |     mat_declare_modules!{}
[INFO] [stdout]      |     ---------------------- in this macro invocation
[INFO] [stdout]      |
[INFO] [stdout]      = note: this error originates in a macro (in Nightly builds, run with -Z macro-backtrace for more info)
[INFO] [stdout] 
[INFO] [stdout] 
[INFO] [stdout] error[E0502]: cannot borrow `rows` as immutable because it is also borrowed as mutable
[INFO] [stdout]     --> /opt/rustwide/cargo-home/registry/src/github.com-1ecc6299db9ec823/vek-0.9.4/src/mat.rs:1656:31
[INFO] [stdout]      |
[INFO] [stdout] 1656 |                 rows[3][3] += rows[3].dot(t);
[INFO] [stdout]      |                 --------------^^^^----------
[INFO] [stdout]      |                 |             |
[INFO] [stdout]      |                 |             immutable borrow occurs here
[INFO] [stdout]      |                 mutable borrow occurs here
[INFO] [stdout]      |                 mutable borrow later used here
[INFO] [stdout] ...
[INFO] [stdout] 3606 |     mat_declare_modules!{}
[INFO] [stdout]      |     ---------------------- in this macro invocation
[INFO] [stdout]      |
[INFO] [stdout]      = note: this error originates in a macro (in Nightly builds, run with -Z macro-backtrace for more info)
[INFO] [stdout] 
[INFO] [stdout] 
[INFO] [stdout] error: aborting due to 8 previous errors
[INFO] [stdout] 
[INFO] [stdout] 
[INFO] [stdout] For more information about this error, try `rustc --explain E0502`.
[INFO] [stdout] 
[INFO] [stderr]     Checking image v0.19.0
[INFO] [stderr] error: could not compile `vek`.
[INFO] [stderr] 
[INFO] [stderr] To learn more, run the command again with --verbose.
[INFO] [stderr] warning: build failed, waiting for other jobs to finish...
[INFO] [stderr] error: build failed
[INFO] running `Command { std: "docker" "inspect" "ebab1834224fcd8f54c7584ee1b92b1e58582c8df832dcfb3f9122290f4fa573", kill_on_drop: false }`
[INFO] running `Command { std: "docker" "rm" "-f" "ebab1834224fcd8f54c7584ee1b92b1e58582c8df832dcfb3f9122290f4fa573", kill_on_drop: false }`
[INFO] [stdout] ebab1834224fcd8f54c7584ee1b92b1e58582c8df832dcfb3f9122290f4fa573
